[INFO] cloning repository https://github.com/lizhanhui/rust-pattern
[INFO] running `Command { std: "git" "-c" "credential.helper=" "-c" "credential.helper=/workspace/cargo-home/bin/git-credential-null" "clone" "--bare" "https://github.com/lizhanhui/rust-pattern" "/workspace/cache/git-repos/https%3A%2F%2Fgithub.com%2Flizhanhui%2Frust-pattern", kill_on_drop: false }`
[INFO] [stderr] Cloning into bare repository '/workspace/cache/git-repos/https%3A%2F%2Fgithub.com%2Flizhanhui%2Frust-pattern'...
[INFO] running `Command { std: "git" "rev-parse" "HEAD", kill_on_drop: false }`
[INFO] [stdout] d026e303602dacb0a8668bf7efd21aa04e1e582b
[INFO] testing lizhanhui/rust-pattern against master#2fe50cd72c476ebacdedb14893e9632b4de961c2 for pr-116088-2
[INFO] running `Command { std: "git" "clone" "/workspace/cache/git-repos/https%3A%2F%2Fgithub.com%2Flizhanhui%2Frust-pattern" "/workspace/builds/worker-1-tc1/source", kill_on_drop: false }`
[INFO] [stderr] Cloning into '/workspace/builds/worker-1-tc1/source'...
[INFO] [stderr] done.
[INFO] validating manifest of git repo https://github.com/lizhanhui/rust-pattern on toolchain 2fe50cd72c476ebacdedb14893e9632b4de961c2
[INFO] running `Command { std: CARGO_HOME="/workspace/cargo-home" RUSTUP_HOME="/workspace/rustup-home" "/workspace/cargo-home/bin/cargo" "+2fe50cd72c476ebacdedb14893e9632b4de961c2" "metadata" "--manifest-path" "Cargo.toml" "--no-deps", kill_on_drop: false }`
[INFO] started tweaking git repo https://github.com/lizhanhui/rust-pattern
[INFO] finished tweaking git repo https://github.com/lizhanhui/rust-pattern
[INFO] tweaked toml for git repo https://github.com/lizhanhui/rust-pattern written to /workspace/builds/worker-1-tc1/source/Cargo.toml
[INFO] crate git repo https://github.com/lizhanhui/rust-pattern already has a lockfile, it will not be regenerated
[INFO] running `Command { std: CARGO_HOME="/workspace/cargo-home" RUSTUP_HOME="/workspace/rustup-home" "/workspace/cargo-home/bin/cargo" "+2fe50cd72c476ebacdedb14893e9632b4de961c2" "fetch" "--manifest-path" "Cargo.toml", kill_on_drop: false }`
[INFO] [stderr]     Blocking waiting for file lock on package cache
[INFO] [stderr]     Updating crates.io index
[INFO] [stderr]     Blocking waiting for file lock on package cache
[INFO] [stderr]  Downloading crates ...
[INFO] [stderr]   Downloaded either v1.8.1
[INFO] [stderr]   Downloaded getrandom v0.2.10
[INFO] [stderr]   Downloaded normalize-line-endings v0.3.0
[INFO] [stderr]   Downloaded termtree v0.4.1
[INFO] [stderr]   Downloaded predicates-core v1.0.6
[INFO] [stderr]   Downloaded futures-macro v0.3.28
[INFO] [stderr]   Downloaded rand v0.8.5
[INFO] [stderr]   Downloaded downcast v0.11.0
[INFO] [stderr]   Downloaded float-cmp v0.9.0
[INFO] [stderr]   Downloaded futures-core v0.3.28
[INFO] [stderr]   Downloaded quote v1.0.29
[INFO] [stderr]   Downloaded pin-project-lite v0.2.10
[INFO] [stderr]   Downloaded mockall_derive v0.11.4
[INFO] [stderr]   Downloaded aho-corasick v1.0.2
[INFO] [stderr]   Downloaded regex v1.8.4
[INFO] [stderr]   Downloaded syn v2.0.23
[INFO] [stderr]   Downloaded regex-syntax v0.7.2
[INFO] [stderr]   Downloaded libc v0.2.147
[INFO] [stderr]   Downloaded wasi v0.11.0+wasi-snapshot-preview1
[INFO] [stderr]   Downloaded proc-macro2 v1.0.63
[INFO] [stderr]   Downloaded futures v0.3.28
[INFO] [stderr]   Downloaded futures-util v0.3.28
[INFO] [stderr]   Downloaded itertools v0.10.5
[INFO] [stderr]   Downloaded memchr v2.5.0
[INFO] [stderr]   Downloaded futures-channel v0.3.28
[INFO] [stderr]   Downloaded predicates v2.1.5
[INFO] [stderr]   Downloaded num-traits v0.2.15
[INFO] [stderr]   Downloaded unicode-ident v1.0.9
[INFO] [stderr]   Downloaded futures-task v0.3.28
[INFO] [stderr]   Downloaded rand_core v0.6.4
[INFO] [stderr]   Downloaded futures-io v0.3.28
[INFO] [stderr]   Downloaded ppv-lite86 v0.2.17
[INFO] [stderr]   Downloaded difflib v0.4.0
[INFO] [stderr]   Downloaded slab v0.4.8
[INFO] [stderr]   Downloaded mockall v0.11.4
[INFO] [stderr]   Downloaded rand_chacha v0.3.1
[INFO] [stderr]   Downloaded futures-sink v0.3.28
[INFO] [stderr]   Downloaded fragile v2.0.0
[INFO] [stderr]   Downloaded predicates-tree v1.0.9
[INFO] [stderr]   Downloaded futures-executor v0.3.28
[INFO] running `Command { std: "docker" "create" "-v" "/var/lib/crater-agent-workspace/builds/worker-1-tc1/target:/opt/rustwide/target:rw,Z" "-v" "/var/lib/crater-agent-workspace/builds/worker-1-tc1/source:/opt/rustwide/workdir:ro,Z" "-v" "/var/lib/crater-agent-workspace/cargo-home:/opt/rustwide/cargo-home:ro,Z" "-v" "/var/lib/crater-agent-workspace/rustup-home:/opt/rustwide/rustup-home:ro,Z" "-e" "SOURCE_DIR=/opt/rustwide/workdir" "-e" "CARGO_TARGET_DIR=/opt/rustwide/target" "-e" "CARGO_HOME=/opt/rustwide/cargo-home" "-e" "RUSTUP_HOME=/opt/rustwide/rustup-home" "-w" "/opt/rustwide/workdir" "-m" "1610612736" "--user" "0:0" "--network" "none" "ghcr.io/rust-lang/crates-build-env/linux@sha256:2788e3201cd34a07e3172128adcd8b3090168a8e3bcc40d7c032b9dda1df7d1c" "/opt/rustwide/cargo-home/bin/cargo" "+2fe50cd72c476ebacdedb14893e9632b4de961c2" "metadata" "--no-deps" "--format-version=1", kill_on_drop: false }`
[INFO] [stdout] a4f93387c591a0f4d4c891ddbd48027fae57b86b541581ccbdd159c30d222ea3
[INFO] running `Command { std: "docker" "start" "-a" "a4f93387c591a0f4d4c891ddbd48027fae57b86b541581ccbdd159c30d222ea3", kill_on_drop: false }`
[INFO] running `Command { std: "docker" "inspect" "a4f93387c591a0f4d4c891ddbd48027fae57b86b541581ccbdd159c30d222ea3", kill_on_drop: false }`
[INFO] running `Command { std: "docker" "rm" "-f" "a4f93387c591a0f4d4c891ddbd48027fae57b86b541581ccbdd159c30d222ea3", kill_on_drop: false }`
[INFO] [stdout] a4f93387c591a0f4d4c891ddbd48027fae57b86b541581ccbdd159c30d222ea3
[INFO] running `Command { std: "docker" "create" "-v" "/var/lib/crater-agent-workspace/builds/worker-1-tc1/target:/opt/rustwide/target:rw,Z" "-v" "/var/lib/crater-agent-workspace/builds/worker-1-tc1/source:/opt/rustwide/workdir:ro,Z" "-v" "/var/lib/crater-agent-workspace/cargo-home:/opt/rustwide/cargo-home:ro,Z" "-v" "/var/lib/crater-agent-workspace/rustup-home:/opt/rustwide/rustup-home:ro,Z" "-e" "SOURCE_DIR=/opt/rustwide/workdir" "-e" "CARGO_TARGET_DIR=/opt/rustwide/target" "-e" "CARGO_INCREMENTAL=0" "-e" "RUST_BACKTRACE=full" "-e" "RUSTFLAGS=--cap-lints=forbid" "-e" "RUSTDOCFLAGS=--cap-lints=forbid" "-e" "CARGO_HOME=/opt/rustwide/cargo-home" "-e" "RUSTUP_HOME=/opt/rustwide/rustup-home" "-w" "/opt/rustwide/workdir" "-m" "1610612736" "--user" "0:0" "--network" "none" "ghcr.io/rust-lang/crates-build-env/linux@sha256:2788e3201cd34a07e3172128adcd8b3090168a8e3bcc40d7c032b9dda1df7d1c" "/opt/rustwide/cargo-home/bin/cargo" "+2fe50cd72c476ebacdedb14893e9632b4de961c2" "build" "--frozen" "--message-format=json", kill_on_drop: false }`
[INFO] [stdout] a2c4866ea7306aeced5f659153b5761ec22f42fafe5af8f8fa329c8d17b018f8
[INFO] running `Command { std: "docker" "start" "-a" "a2c4866ea7306aeced5f659153b5761ec22f42fafe5af8f8fa329c8d17b018f8", kill_on_drop: false }`
[INFO] [stderr]    Compiling autocfg v1.1.0
[INFO] [stderr]    Compiling proc-macro2 v1.0.63
[INFO] [stderr]    Compiling unicode-ident v1.0.9
[INFO] [stderr]    Compiling quote v1.0.29
[INFO] [stderr]    Compiling memchr v2.5.0
[INFO] [stderr]    Compiling libc v0.2.147
[INFO] [stderr]    Compiling cfg-if v1.0.0
[INFO] [stderr]    Compiling futures-core v0.3.28
[INFO] [stderr]    Compiling futures-task v0.3.28
[INFO] [stderr]    Compiling futures-channel v0.3.28
[INFO] [stderr]    Compiling futures-util v0.3.28
[INFO] [stderr]    Compiling futures-sink v0.3.28
[INFO] [stderr]    Compiling syn v1.0.109
[INFO] [stderr]    Compiling num-traits v0.2.15
[INFO] [stderr]    Compiling slab v0.4.8
[INFO] [stderr]    Compiling syn v2.0.23
[INFO] [stderr]    Compiling predicates-core v1.0.6
[INFO] [stderr]    Compiling futures-io v0.3.28
[INFO] [stderr]    Compiling either v1.8.1
[INFO] [stderr]    Compiling aho-corasick v1.0.2
[INFO] [stderr]    Compiling getrandom v0.2.10
[INFO] [stderr]    Compiling pin-project-lite v0.2.10
[INFO] [stderr]    Compiling pin-utils v0.1.0
[INFO] [stderr]    Compiling regex-syntax v0.7.2
[INFO] [stderr]    Compiling itertools v0.10.5
[INFO] [stderr]    Compiling rand_core v0.6.4
[INFO] [stderr]    Compiling termtree v0.4.1
[INFO] [stderr]    Compiling normalize-line-endings v0.3.0
[INFO] [stderr]    Compiling ppv-lite86 v0.2.17
[INFO] [stderr]    Compiling difflib v0.4.0
[INFO] [stderr]    Compiling rand_chacha v0.3.1
[INFO] [stderr]    Compiling float-cmp v0.9.0
[INFO] [stderr]    Compiling predicates-tree v1.0.9
[INFO] [stderr]    Compiling lazy_static v1.4.0
[INFO] [stderr]    Compiling fragile v2.0.0
[INFO] [stderr]    Compiling downcast v0.11.0
[INFO] [stderr]    Compiling rand v0.8.5
[INFO] [stderr]    Compiling regex v1.8.4
[INFO] [stderr]    Compiling predicates v2.1.5
[INFO] [stderr]    Compiling futures-macro v0.3.28
[INFO] [stderr]    Compiling mockall_derive v0.11.4
[INFO] [stderr]    Compiling futures-executor v0.3.28
[INFO] [stderr]    Compiling futures v0.3.28
[INFO] [stderr]    Compiling mockall v0.11.4
[INFO] [stderr]    Compiling tutorial v0.1.0 (/opt/rustwide/workdir)
[INFO] [stdout] warning: the feature `return_position_impl_trait_in_trait` has been stable since 1.75.0 and no longer requires an attribute to enable
[INFO] [stdout]  --> src/lib.rs:1:12
[INFO] [stdout]   |
[INFO] [stdout] 1 | #![feature(return_position_impl_trait_in_trait)]
[INFO] [stdout]   |            ^^^^^^^^^^^^^^^^^^^^^^^^^^^^^^^^^^^
[INFO] [stdout]   |
[INFO] [stdout]   = note: `#[warn(stable_features)]` on by default
[INFO] [stdout] 
[INFO] [stdout] 
[INFO] [stdout] warning: 1 warning emitted
[INFO] [stdout] 
[INFO] [stdout] 
[INFO] [stdout] warning: unused import: `futures::Future`
[INFO] [stdout]  --> src/main.rs:1:5
[INFO] [stdout]   |
[INFO] [stdout] 1 | use futures::Future;
[INFO] [stdout]   |     ^^^^^^^^^^^^^^^
[INFO] [stdout]   |
[INFO] [stdout]   = note: `#[warn(unused_imports)]` on by default
[INFO] [stdout] 
[INFO] [stdout] 
[INFO] [stdout] warning: 1 warning emitted
[INFO] [stdout] 
[INFO] [stdout] 
[INFO] [stderr]     Finished dev [unoptimized + debuginfo] target(s) in 36.41s
[INFO] running `Command { std: "docker" "inspect" "a2c4866ea7306aeced5f659153b5761ec22f42fafe5af8f8fa329c8d17b018f8", kill_on_drop: false }`
[INFO] running `Command { std: "docker" "rm" "-f" "a2c4866ea7306aeced5f659153b5761ec22f42fafe5af8f8fa329c8d17b018f8", kill_on_drop: false }`
[INFO] [stdout] a2c4866ea7306aeced5f659153b5761ec22f42fafe5af8f8fa329c8d17b018f8
[INFO] running `Command { std: "docker" "create" "-v" "/var/lib/crater-agent-workspace/builds/worker-1-tc1/target:/opt/rustwide/target:rw,Z" "-v" "/var/lib/crater-agent-workspace/builds/worker-1-tc1/source:/opt/rustwide/workdir:ro,Z" "-v" "/var/lib/crater-agent-workspace/cargo-home:/opt/rustwide/cargo-home:ro,Z" "-v" "/var/lib/crater-agent-workspace/rustup-home:/opt/rustwide/rustup-home:ro,Z" "-e" "SOURCE_DIR=/opt/rustwide/workdir" "-e" "CARGO_TARGET_DIR=/opt/rustwide/target" "-e" "CARGO_INCREMENTAL=0" "-e" "RUST_BACKTRACE=full" "-e" "RUSTFLAGS=--cap-lints=forbid" "-e" "RUSTDOCFLAGS=--cap-lints=forbid" "-e" "CARGO_HOME=/opt/rustwide/cargo-home" "-e" "RUSTUP_HOME=/opt/rustwide/rustup-home" "-w" "/opt/rustwide/workdir" "-m" "1610612736" "--user" "0:0" "--network" "none" "ghcr.io/rust-lang/crates-build-env/linux@sha256:2788e3201cd34a07e3172128adcd8b3090168a8e3bcc40d7c032b9dda1df7d1c" "/opt/rustwide/cargo-home/bin/cargo" "+2fe50cd72c476ebacdedb14893e9632b4de961c2" "test" "--frozen" "--no-run" "--message-format=json", kill_on_drop: false }`
[INFO] [stdout] cd3b261ffb290980add0e03da888d19ed0a5e15c0f89f8585e801ab509649fd9
[INFO] running `Command { std: "docker" "start" "-a" "cd3b261ffb290980add0e03da888d19ed0a5e15c0f89f8585e801ab509649fd9", kill_on_drop: false }`
[INFO] [stderr]    Compiling tutorial v0.1.0 (/opt/rustwide/workdir)
[INFO] [stdout] warning: the feature `return_position_impl_trait_in_trait` has been stable since 1.75.0 and no longer requires an attribute to enable
[INFO] [stdout]  --> src/lib.rs:1:12
[INFO] [stdout]   |
[INFO] [stdout] 1 | #![feature(return_position_impl_trait_in_trait)]
[INFO] [stdout]   |            ^^^^^^^^^^^^^^^^^^^^^^^^^^^^^^^^^^^
[INFO] [stdout]   |
[INFO] [stdout]   = note: `#[warn(stable_features)]` on by default
[INFO] [stdout] 
[INFO] [stdout] 
[INFO] [stdout] warning: 1 warning emitted
[INFO] [stdout] 
[INFO] [stdout] 
[INFO] [stdout] warning: unused import: `futures::Future`
[INFO] [stdout]  --> src/main.rs:1:5
[INFO] [stdout]   |
[INFO] [stdout] 1 | use futures::Future;
[INFO] [stdout]   |     ^^^^^^^^^^^^^^^
[INFO] [stdout]   |
[INFO] [stdout]   = note: `#[warn(unused_imports)]` on by default
[INFO] [stdout] 
[INFO] [stdout] 
[INFO] [stdout] warning: the feature `return_position_impl_trait_in_trait` has been stable since 1.75.0 and no longer requires an attribute to enable
[INFO] [stdout]  --> src/lib.rs:1:12
[INFO] [stdout]   |
[INFO] [stdout] 1 | #![feature(return_position_impl_trait_in_trait)]
[INFO] [stdout]   |            ^^^^^^^^^^^^^^^^^^^^^^^^^^^^^^^^^^^
[INFO] [stdout]   |
[INFO] [stdout]   = note: `#[warn(stable_features)]` on by default
[INFO] [stdout] 
[INFO] [stdout] 
[INFO] [stdout] warning: unused variable: `cx`
[INFO] [stdout]   --> src/lib.rs:81:39
[INFO] [stdout]    |
[INFO] [stdout] 81 |         fn poll(self: Pin<&mut Self>, cx: &mut Context<'_>) -> Poll<Self::Output> {
[INFO] [stdout]    |                                       ^^ help: if this is intentional, prefix it with an underscore: `_cx`
[INFO] [stdout]    |
[INFO] [stdout]    = note: `#[warn(unused_variables)]` on by default
[INFO] [stdout] 
[INFO] [stdout] 
[INFO] [stdout] warning: 1 warning emitted
[INFO] [stdout] 
[INFO] [stdout] 
[INFO] [stdout] warning: 2 warnings emitted
[INFO] [stdout] 
[INFO] [stdout] 
[INFO] [stderr]     Finished test [unoptimized + debuginfo] target(s) in 1.33s
[INFO] running `Command { std: "docker" "inspect" "cd3b261ffb290980add0e03da888d19ed0a5e15c0f89f8585e801ab509649fd9", kill_on_drop: false }`
[INFO] running `Command { std: "docker" "rm" "-f" "cd3b261ffb290980add0e03da888d19ed0a5e15c0f89f8585e801ab509649fd9", kill_on_drop: false }`
[INFO] [stdout] cd3b261ffb290980add0e03da888d19ed0a5e15c0f89f8585e801ab509649fd9
[INFO] running `Command { std: "docker" "create" "-v" "/var/lib/crater-agent-workspace/builds/worker-1-tc1/target:/opt/rustwide/target:rw,Z" "-v" "/var/lib/crater-agent-workspace/builds/worker-1-tc1/source:/opt/rustwide/workdir:ro,Z" "-v" "/var/lib/crater-agent-workspace/cargo-home:/opt/rustwide/cargo-home:ro,Z" "-v" "/var/lib/crater-agent-workspace/rustup-home:/opt/rustwide/rustup-home:ro,Z" "-e" "SOURCE_DIR=/opt/rustwide/workdir" "-e" "CARGO_TARGET_DIR=/opt/rustwide/target" "-e" "CARGO_INCREMENTAL=0" "-e" "RUST_BACKTRACE=full" "-e" "RUSTFLAGS=--cap-lints=forbid" "-e" "RUSTDOCFLAGS=--cap-lints=forbid" "-e" "CARGO_HOME=/opt/rustwide/cargo-home" "-e" "RUSTUP_HOME=/opt/rustwide/rustup-home" "-w" "/opt/rustwide/workdir" "-m" "1610612736" "--user" "0:0" "--network" "none" "ghcr.io/rust-lang/crates-build-env/linux@sha256:2788e3201cd34a07e3172128adcd8b3090168a8e3bcc40d7c032b9dda1df7d1c" "/opt/rustwide/cargo-home/bin/cargo" "+2fe50cd72c476ebacdedb14893e9632b4de961c2" "test" "--frozen", kill_on_drop: false }`
[INFO] [stdout] fb8f2bf6e7af23917a2bca867751ac1086b954bd45e3159bf1e14ae5ff88517e
[INFO] running `Command { std: "docker" "start" "-a" "fb8f2bf6e7af23917a2bca867751ac1086b954bd45e3159bf1e14ae5ff88517e", kill_on_drop: false }`
[INFO] [stderr] warning: the feature `return_position_impl_trait_in_trait` has been stable since 1.75.0 and no longer requires an attribute to enable
[INFO] [stderr]  --> src/lib.rs:1:12
[INFO] [stderr]   |
[INFO] [stderr] 1 | #![feature(return_position_impl_trait_in_trait)]
[INFO] [stderr]   |            ^^^^^^^^^^^^^^^^^^^^^^^^^^^^^^^^^^^
[INFO] [stderr]   |
[INFO] [stderr]   = note: `#[warn(stable_features)]` on by default
[INFO] [stderr] 
[INFO] [stderr] warning: `tutorial` (lib) generated 1 warning
[INFO] [stderr] warning: unused import: `futures::Future`
[INFO] [stderr]  --> src/main.rs:1:5
[INFO] [stderr]   |
[INFO] [stderr] 1 | use futures::Future;
[INFO] [stderr]   |     ^^^^^^^^^^^^^^^
[INFO] [stderr]   |
[INFO] [stderr]   = note: `#[warn(unused_imports)]` on by default
[INFO] [stderr] 
[INFO] [stderr] warning: `tutorial` (bin "tutorial" test) generated 1 warning (run `cargo fix --bin "tutorial" --tests` to apply 1 suggestion)
[INFO] [stderr] warning: unused variable: `cx`
[INFO] [stderr]   --> src/lib.rs:81:39
[INFO] [stderr]    |
[INFO] [stderr] 81 |         fn poll(self: Pin<&mut Self>, cx: &mut Context<'_>) -> Poll<Self::Output> {
[INFO] [stderr]    |                                       ^^ help: if this is intentional, prefix it with an underscore: `_cx`
[INFO] [stderr]    |
[INFO] [stderr]    = note: `#[warn(unused_variables)]` on by default
[INFO] [stderr] 
[INFO] [stderr] warning: `tutorial` (lib test) generated 2 warnings (1 duplicate) (run `cargo fix --lib -p tutorial --tests` to apply 1 suggestion)
[INFO] [stderr]     Finished test [unoptimized + debuginfo] target(s) in 0.05s
[INFO] [stderr]      Running unittests src/lib.rs (/opt/rustwide/target/debug/deps/tutorial-f7f7cf661b508319)
[INFO] [stdout] 
[INFO] [stdout] running 2 tests
[INFO] [stdout] test tests::test_with_mock ... ok
[INFO] [stdout] test tests::test_framework ... FAILED
[INFO] [stdout] 
[INFO] [stdout] failures:
[INFO] [stdout] 
[INFO] [stdout] ---- tests::test_framework stdout ----
[INFO] [stdout] thread 'tests::test_framework' panicked at src/lib.rs:69:13:
[INFO] [stdout] assertion `left == right` failed
[INFO] [stdout]   left: Some(1)
[INFO] [stdout]  right: None
[INFO] [stdout] stack backtrace:
[INFO] [stdout]    0:     0x5619f32e41d6 - std::backtrace_rs::backtrace::libunwind::trace::hd7a456af414d63de
[INFO] [stdout]                                at /rustc/2fe50cd72c476ebacdedb14893e9632b4de961c2/library/std/src/../../backtrace/src/backtrace/libunwind.rs:104:5
[INFO] [stdout]    1:     0x5619f32e41d6 - std::backtrace_rs::backtrace::trace_unsynchronized::h64867240ea973bd5
[INFO] [stdout]                                at /rustc/2fe50cd72c476ebacdedb14893e9632b4de961c2/library/std/src/../../backtrace/src/backtrace/mod.rs:66:5
[INFO] [stdout]    2:     0x5619f32e41d6 - std::sys_common::backtrace::_print_fmt::h2808b222ea4d26d0
[INFO] [stdout]                                at /rustc/2fe50cd72c476ebacdedb14893e9632b4de961c2/library/std/src/sys_common/backtrace.rs:68:5
[INFO] [stdout]    3:     0x5619f32e41d6 - <std::sys_common::backtrace::_print::DisplayBacktrace as core::fmt::Display>::fmt::h03f74bc036e21c80
[INFO] [stdout]                                at /rustc/2fe50cd72c476ebacdedb14893e9632b4de961c2/library/std/src/sys_common/backtrace.rs:44:22
[INFO] [stdout]    4:     0x5619f330d140 - core::fmt::rt::Argument::fmt::h8121cad32ccb67f1
[INFO] [stdout]                                at /rustc/2fe50cd72c476ebacdedb14893e9632b4de961c2/library/core/src/fmt/rt.rs:142:9
[INFO] [stdout]    5:     0x5619f330d140 - core::fmt::write::hba6738a49cae548f
[INFO] [stdout]                                at /rustc/2fe50cd72c476ebacdedb14893e9632b4de961c2/library/core/src/fmt/mod.rs:1120:17
[INFO] [stdout]    6:     0x5619f32e1d6f - std::io::Write::write_fmt::h998dc49ddc9bbda8
[INFO] [stdout]                                at /rustc/2fe50cd72c476ebacdedb14893e9632b4de961c2/library/std/src/io/mod.rs:1810:15
[INFO] [stdout]    7:     0x5619f32e3fb4 - std::sys_common::backtrace::_print::h12e2732351687df5
[INFO] [stdout]                                at /rustc/2fe50cd72c476ebacdedb14893e9632b4de961c2/library/std/src/sys_common/backtrace.rs:47:5
[INFO] [stdout]    8:     0x5619f32e3fb4 - std::sys_common::backtrace::print::h3977ff4fa70d37c3
[INFO] [stdout]                                at /rustc/2fe50cd72c476ebacdedb14893e9632b4de961c2/library/std/src/sys_common/backtrace.rs:34:9
[INFO] [stdout]    9:     0x5619f32e5d27 - std::panicking::default_hook::{{closure}}::h3649b42de801f190
[INFO] [stdout]   10:     0x5619f32e5a0d - std::panicking::default_hook::h3fb7ccab350417f5
[INFO] [stdout]                                at /rustc/2fe50cd72c476ebacdedb14893e9632b4de961c2/library/std/src/panicking.rs:289:9
[INFO] [stdout]   11:     0x5619f326fe87 - <alloc::boxed::Box<F,A> as core::ops::function::Fn<Args>>::call::hcac2ee49c7d5205e
[INFO] [stdout]                                at /rustc/2fe50cd72c476ebacdedb14893e9632b4de961c2/library/alloc/src/boxed.rs:2029:9
[INFO] [stdout]   12:     0x5619f326fe87 - test::test_main::{{closure}}::ha6dc19c93a11f2d1
[INFO] [stdout]                                at /rustc/2fe50cd72c476ebacdedb14893e9632b4de961c2/library/test/src/lib.rs:138:21
[INFO] [stdout]   13:     0x5619f32e6346 - <alloc::boxed::Box<F,A> as core::ops::function::Fn<Args>>::call::h29b8e785b856bb23
[INFO] [stdout]                                at /rustc/2fe50cd72c476ebacdedb14893e9632b4de961c2/library/alloc/src/boxed.rs:2029:9
[INFO] [stdout]   14:     0x5619f32e6346 - std::panicking::rust_panic_with_hook::h5efc89ef996de810
[INFO] [stdout]                                at /rustc/2fe50cd72c476ebacdedb14893e9632b4de961c2/library/std/src/panicking.rs:783:13
[INFO] [stdout]   15:     0x5619f32e6092 - std::panicking::begin_panic_handler::{{closure}}::h6289f51ae1ae9efc
[INFO] [stdout]                                at /rustc/2fe50cd72c476ebacdedb14893e9632b4de961c2/library/std/src/panicking.rs:657:13
[INFO] [stdout]   16:     0x5619f32e46d6 - std::sys_common::backtrace::__rust_end_short_backtrace::h9f143e0a9d826e65
[INFO] [stdout]                                at /rustc/2fe50cd72c476ebacdedb14893e9632b4de961c2/library/std/src/sys_common/backtrace.rs:171:18
[INFO] [stdout]   17:     0x5619f32e5df0 - rust_begin_unwind
[INFO] [stdout]                                at /rustc/2fe50cd72c476ebacdedb14893e9632b4de961c2/library/std/src/panicking.rs:645:5
[INFO] [stdout]   18:     0x5619f3233135 - core::panicking::panic_fmt::h5b9d04f36fd68862
[INFO] [stdout]                                at /rustc/2fe50cd72c476ebacdedb14893e9632b4de961c2/library/core/src/panicking.rs:72:14
[INFO] [stdout]   19:     0x5619f323356b - core::panicking::assert_failed_inner::he8bf6244a405549a
[INFO] [stdout]                                at /rustc/2fe50cd72c476ebacdedb14893e9632b4de961c2/library/core/src/panicking.rs:342:17
[INFO] [stdout]   20:     0x5619f3235f3e - core::panicking::assert_failed::hb1d864d4e5058d6d
[INFO] [stdout]                                at /rustc/2fe50cd72c476ebacdedb14893e9632b4de961c2/library/core/src/panicking.rs:297:5
[INFO] [stdout]   21:     0x5619f323b098 - tutorial::tests::test_framework::{{closure}}::hba9df928466a212f
[INFO] [stdout]                                at /opt/rustwide/workdir/src/lib.rs:69:13
[INFO] [stdout]   22:     0x5619f3233f09 - futures_executor::local_pool::block_on::{{closure}}::h435cd22d142442e1
[INFO] [stdout]                                at /opt/rustwide/cargo-home/registry/src/index.crates.io-6f17d22bba15001f/futures-executor-0.3.28/src/local_pool.rs:317:23
[INFO] [stdout]   23:     0x5619f3233c43 - futures_executor::local_pool::run_executor::{{closure}}::hc94899f1f576cad5
[INFO] [stdout]                                at /opt/rustwide/cargo-home/registry/src/index.crates.io-6f17d22bba15001f/futures-executor-0.3.28/src/local_pool.rs:90:37
[INFO] [stdout]   24:     0x5619f32347b7 - std::thread::local::LocalKey<T>::try_with::h5862d5c276212f86
[INFO] [stdout]                                at /rustc/2fe50cd72c476ebacdedb14893e9632b4de961c2/library/std/src/thread/local.rs:270:16
[INFO] [stdout]   25:     0x5619f3234643 - std::thread::local::LocalKey<T>::with::h71fb3aab1b9fdeb8
[INFO] [stdout]                                at /rustc/2fe50cd72c476ebacdedb14893e9632b4de961c2/library/std/src/thread/local.rs:246:9
[INFO] [stdout]   26:     0x5619f3233ad5 - futures_executor::local_pool::run_executor::h2d775af4a0c1ba1f
[INFO] [stdout]                                at /opt/rustwide/cargo-home/registry/src/index.crates.io-6f17d22bba15001f/futures-executor-0.3.28/src/local_pool.rs:86:5
[INFO] [stdout]   27:     0x5619f3233dff - futures_executor::local_pool::block_on::h24a3c5bd0ed3555a
[INFO] [stdout]                                at /opt/rustwide/cargo-home/registry/src/index.crates.io-6f17d22bba15001f/futures-executor-0.3.28/src/local_pool.rs:317:5
[INFO] [stdout]   28:     0x5619f323adf8 - tutorial::tests::test_framework::h5094b32663ef84cc
[INFO] [stdout]                                at /opt/rustwide/workdir/src/lib.rs:68:9
[INFO] [stdout]   29:     0x5619f323adc7 - tutorial::tests::test_framework::{{closure}}::hed714d600d6016d0
[INFO] [stdout]                                at /opt/rustwide/workdir/src/lib.rs:66:24
[INFO] [stdout]   30:     0x5619f3234cf6 - core::ops::function::FnOnce::call_once::h02f3e8bc4dc2825a
[INFO] [stdout]                                at /rustc/2fe50cd72c476ebacdedb14893e9632b4de961c2/library/core/src/ops/function.rs:250:5
[INFO] [stdout]   31:     0x5619f327568f - core::ops::function::FnOnce::call_once::h547df4cc4781c42c
[INFO] [stdout]                                at /rustc/2fe50cd72c476ebacdedb14893e9632b4de961c2/library/core/src/ops/function.rs:250:5
[INFO] [stdout]   32:     0x5619f327568f - test::__rust_begin_short_backtrace::h0751f8da0df8afc9
[INFO] [stdout]                                at /rustc/2fe50cd72c476ebacdedb14893e9632b4de961c2/library/test/src/lib.rs:627:18
[INFO] [stdout]   33:     0x5619f32744e1 - test::run_test_in_process::{{closure}}::h08b7e2b944f5d3bf
[INFO] [stdout]                                at /rustc/2fe50cd72c476ebacdedb14893e9632b4de961c2/library/test/src/lib.rs:650:60
[INFO] [stdout]   34:     0x5619f32744e1 - <core::panic::unwind_safe::AssertUnwindSafe<F> as core::ops::function::FnOnce<()>>::call_once::h4eabe934da23f6d3
[INFO] [stdout]                                at /rustc/2fe50cd72c476ebacdedb14893e9632b4de961c2/library/core/src/panic/unwind_safe.rs:272:9
[INFO] [stdout]   35:     0x5619f32744e1 - std::panicking::try::do_call::h8bce2a819a83d75f
[INFO] [stdout]                                at /rustc/2fe50cd72c476ebacdedb14893e9632b4de961c2/library/std/src/panicking.rs:552:40
[INFO] [stdout]   36:     0x5619f32744e1 - std::panicking::try::h8d0ad43ca1e9dfe4
[INFO] [stdout]                                at /rustc/2fe50cd72c476ebacdedb14893e9632b4de961c2/library/std/src/panicking.rs:516:19
[INFO] [stdout]   37:     0x5619f32744e1 - std::panic::catch_unwind::h80c407981483a27f
[INFO] [stdout]                                at /rustc/2fe50cd72c476ebacdedb14893e9632b4de961c2/library/std/src/panic.rs:142:14
[INFO] [stdout]   38:     0x5619f32744e1 - test::run_test_in_process::h34f4f1cf26878dcc
[INFO] [stdout]                                at /rustc/2fe50cd72c476ebacdedb14893e9632b4de961c2/library/test/src/lib.rs:650:27
[INFO] [stdout]   39:     0x5619f32744e1 - test::run_test::{{closure}}::hf98423759bd4e4de
[INFO] [stdout]                                at /rustc/2fe50cd72c476ebacdedb14893e9632b4de961c2/library/test/src/lib.rs:573:43
[INFO] [stdout]   40:     0x5619f323b876 - test::run_test::{{closure}}::h31f9214a9865a468
[INFO] [stdout]                                at /rustc/2fe50cd72c476ebacdedb14893e9632b4de961c2/library/test/src/lib.rs:601:41
[INFO] [stdout]   41:     0x5619f323b876 - std::sys_common::backtrace::__rust_begin_short_backtrace::h97eebf57e64e4a3e
[INFO] [stdout]                                at /rustc/2fe50cd72c476ebacdedb14893e9632b4de961c2/library/std/src/sys_common/backtrace.rs:155:18
[INFO] [stdout]   42:     0x5619f3240977 - std::thread::Builder::spawn_unchecked_::{{closure}}::{{closure}}::h10343cc6e645d5a7
[INFO] [stdout]                                at /rustc/2fe50cd72c476ebacdedb14893e9632b4de961c2/library/std/src/thread/mod.rs:529:17
[INFO] [stdout]   43:     0x5619f3240977 - <core::panic::unwind_safe::AssertUnwindSafe<F> as core::ops::function::FnOnce<()>>::call_once::h7676f5746d51f304
[INFO] [stdout]                                at /rustc/2fe50cd72c476ebacdedb14893e9632b4de961c2/library/core/src/panic/unwind_safe.rs:272:9
[INFO] [stdout]   44:     0x5619f3240977 - std::panicking::try::do_call::h76c69ddb47b6692d
[INFO] [stdout]                                at /rustc/2fe50cd72c476ebacdedb14893e9632b4de961c2/library/std/src/panicking.rs:552:40
[INFO] [stdout]   45:     0x5619f3240977 - std::panicking::try::h231004126786543e
[INFO] [stdout]                                at /rustc/2fe50cd72c476ebacdedb14893e9632b4de961c2/library/std/src/panicking.rs:516:19
[INFO] [stdout]   46:     0x5619f3240977 - std::panic::catch_unwind::h519133dc1360745e
[INFO] [stdout]                                at /rustc/2fe50cd72c476ebacdedb14893e9632b4de961c2/library/std/src/panic.rs:142:14
[INFO] [stdout]   47:     0x5619f3240977 - std::thread::Builder::spawn_unchecked_::{{closure}}::h7c96b1538d88533f
[INFO] [stdout]                                at /rustc/2fe50cd72c476ebacdedb14893e9632b4de961c2/library/std/src/thread/mod.rs:528:30
[INFO] [stdout]   48:     0x5619f3240977 - core::ops::function::FnOnce::call_once{{vtable.shim}}::h90e3a916fbad66da
[INFO] [stdout]                                at /rustc/2fe50cd72c476ebacdedb14893e9632b4de961c2/library/core/src/ops/function.rs:250:5
[INFO] [stdout]   49:     0x5619f32eadf5 - <alloc::boxed::Box<F,A> as core::ops::function::FnOnce<Args>>::call_once::h12c26c313019b755
[INFO] [stdout]                                at /rustc/2fe50cd72c476ebacdedb14893e9632b4de961c2/library/alloc/src/boxed.rs:2015:9
[INFO] [stdout]   50:     0x5619f32eadf5 - <alloc::boxed::Box<F,A> as core::ops::function::FnOnce<Args>>::call_once::h3a7c22937eaa10d1
[INFO] [stdout]                                at /rustc/2fe50cd72c476ebacdedb14893e9632b4de961c2/library/alloc/src/boxed.rs:2015:9
[INFO] [stdout]   51:     0x5619f32eadf5 - std::sys::unix::thread::Thread::new::thread_start::h1ce303acc71f2e7d
[INFO] [stdout]                                at /rustc/2fe50cd72c476ebacdedb14893e9632b4de961c2/library/std/src/sys/unix/thread.rs:108:17
[INFO] [stdout]   52:     0x7f2a1e3faac3 - <unknown>
[INFO] [stdout]   53:     0x7f2a1e48bbf4 - __clone
[INFO] [stdout]   54:                0x0 - <unknown>
[INFO] [stdout] 
[INFO] [stdout] 
[INFO] [stdout] failures:
[INFO] [stdout]     tests::test_framework
[INFO] [stdout] 
[INFO] [stdout] test result: FAILED. 1 passed; 1 failed; 0 ignored; 0 measured; 0 filtered out; finished in 0.07s
[INFO] [stdout] 
[INFO] [stderr] error: test failed, to rerun pass `--lib`
[INFO] running `Command { std: "docker" "inspect" "fb8f2bf6e7af23917a2bca867751ac1086b954bd45e3159bf1e14ae5ff88517e", kill_on_drop: false }`
[INFO] running `Command { std: "docker" "rm" "-f" "fb8f2bf6e7af23917a2bca867751ac1086b954bd45e3159bf1e14ae5ff88517e", kill_on_drop: false }`
[INFO] [stdout] fb8f2bf6e7af23917a2bca867751ac1086b954bd45e3159bf1e14ae5ff88517e
[INFO] testing lizhanhui/rust-pattern against try#9c1665de5d324fe858dc15371578d6f928bfc123 for pr-116088-2
[INFO] running `Command { std: "git" "clone" "/workspace/cache/git-repos/https%3A%2F%2Fgithub.com%2Flizhanhui%2Frust-pattern" "/workspace/builds/worker-1-tc2/source", kill_on_drop: false }`
[INFO] [stderr] Cloning into '/workspace/builds/worker-1-tc2/source'...
[INFO] [stderr] done.
[INFO] validating manifest of git repo https://github.com/lizhanhui/rust-pattern on toolchain 9c1665de5d324fe858dc15371578d6f928bfc123
[INFO] running `Command { std: CARGO_HOME="/workspace/cargo-home" RUSTUP_HOME="/workspace/rustup-home" "/workspace/cargo-home/bin/cargo" "+9c1665de5d324fe858dc15371578d6f928bfc123" "metadata" "--manifest-path" "Cargo.toml" "--no-deps", kill_on_drop: false }`
[INFO] started tweaking git repo https://github.com/lizhanhui/rust-pattern
[INFO] finished tweaking git repo https://github.com/lizhanhui/rust-pattern
[INFO] tweaked toml for git repo https://github.com/lizhanhui/rust-pattern written to /workspace/builds/worker-1-tc2/source/Cargo.toml
[INFO] crate git repo https://github.com/lizhanhui/rust-pattern already has a lockfile, it will not be regenerated
[INFO] running `Command { std: CARGO_HOME="/workspace/cargo-home" RUSTUP_HOME="/workspace/rustup-home" "/workspace/cargo-home/bin/cargo" "+9c1665de5d324fe858dc15371578d6f928bfc123" "fetch" "--manifest-path" "Cargo.toml", kill_on_drop: false }`
[INFO] running `Command { std: "docker" "create" "-v" "/var/lib/crater-agent-workspace/builds/worker-1-tc2/target:/opt/rustwide/target:rw,Z" "-v" "/var/lib/crater-agent-workspace/builds/worker-1-tc2/source:/opt/rustwide/workdir:ro,Z" "-v" "/var/lib/crater-agent-workspace/cargo-home:/opt/rustwide/cargo-home:ro,Z" "-v" "/var/lib/crater-agent-workspace/rustup-home:/opt/rustwide/rustup-home:ro,Z" "-e" "SOURCE_DIR=/opt/rustwide/workdir" "-e" "CARGO_TARGET_DIR=/opt/rustwide/target" "-e" "CARGO_HOME=/opt/rustwide/cargo-home" "-e" "RUSTUP_HOME=/opt/rustwide/rustup-home" "-w" "/opt/rustwide/workdir" "-m" "1610612736" "--user" "0:0" "--network" "none" "ghcr.io/rust-lang/crates-build-env/linux@sha256:2788e3201cd34a07e3172128adcd8b3090168a8e3bcc40d7c032b9dda1df7d1c" "/opt/rustwide/cargo-home/bin/cargo" "+9c1665de5d324fe858dc15371578d6f928bfc123" "metadata" "--no-deps" "--format-version=1", kill_on_drop: false }`
[INFO] [stdout] cc28afe82560d7d5dbb5f2206e3956560444ee3edd4ded2901b563b54d267746
[INFO] running `Command { std: "docker" "start" "-a" "cc28afe82560d7d5dbb5f2206e3956560444ee3edd4ded2901b563b54d267746", kill_on_drop: false }`
[INFO] running `Command { std: "docker" "inspect" "cc28afe82560d7d5dbb5f2206e3956560444ee3edd4ded2901b563b54d267746", kill_on_drop: false }`
[INFO] running `Command { std: "docker" "rm" "-f" "cc28afe82560d7d5dbb5f2206e3956560444ee3edd4ded2901b563b54d267746", kill_on_drop: false }`
[INFO] [stdout] cc28afe82560d7d5dbb5f2206e3956560444ee3edd4ded2901b563b54d267746
[INFO] running `Command { std: "docker" "create" "-v" "/var/lib/crater-agent-workspace/builds/worker-1-tc2/target:/opt/rustwide/target:rw,Z" "-v" "/var/lib/crater-agent-workspace/builds/worker-1-tc2/source:/opt/rustwide/workdir:ro,Z" "-v" "/var/lib/crater-agent-workspace/cargo-home:/opt/rustwide/cargo-home:ro,Z" "-v" "/var/lib/crater-agent-workspace/rustup-home:/opt/rustwide/rustup-home:ro,Z" "-e" "SOURCE_DIR=/opt/rustwide/workdir" "-e" "CARGO_TARGET_DIR=/opt/rustwide/target" "-e" "CARGO_INCREMENTAL=0" "-e" "RUST_BACKTRACE=full" "-e" "RUSTFLAGS=--cap-lints=forbid" "-e" "RUSTDOCFLAGS=--cap-lints=forbid" "-e" "CARGO_HOME=/opt/rustwide/cargo-home" "-e" "RUSTUP_HOME=/opt/rustwide/rustup-home" "-w" "/opt/rustwide/workdir" "-m" "1610612736" "--user" "0:0" "--network" "none" "ghcr.io/rust-lang/crates-build-env/linux@sha256:2788e3201cd34a07e3172128adcd8b3090168a8e3bcc40d7c032b9dda1df7d1c" "/opt/rustwide/cargo-home/bin/cargo" "+9c1665de5d324fe858dc15371578d6f928bfc123" "build" "--frozen" "--message-format=json", kill_on_drop: false }`
[INFO] [stdout] 9cd96adae12631628e26a6efa89a8eef90720ed28c076481b3af1d60b4bd4a18
[INFO] running `Command { std: "docker" "start" "-a" "9cd96adae12631628e26a6efa89a8eef90720ed28c076481b3af1d60b4bd4a18", kill_on_drop: false }`
[INFO] [stderr]    Compiling autocfg v1.1.0
[INFO] [stderr]    Compiling proc-macro2 v1.0.63
[INFO] [stderr]    Compiling unicode-ident v1.0.9
[INFO] [stderr]    Compiling quote v1.0.29
[INFO] [stderr]    Compiling memchr v2.5.0
[INFO] [stderr]    Compiling libc v0.2.147
[INFO] [stderr]    Compiling futures-core v0.3.28
[INFO] [stderr]    Compiling cfg-if v1.0.0
[INFO] [stderr]    Compiling futures-channel v0.3.28
[INFO] [stderr]    Compiling futures-task v0.3.28
[INFO] [stderr]    Compiling syn v1.0.109
[INFO] [stderr]    Compiling futures-util v0.3.28
[INFO] [stderr]    Compiling slab v0.4.8
[INFO] [stderr]    Compiling num-traits v0.2.15
[INFO] [stderr]    Compiling futures-sink v0.3.28
[INFO] [stderr]    Compiling regex-syntax v0.7.2
[INFO] [stderr]    Compiling aho-corasick v1.0.2
[INFO] [stderr]    Compiling pin-project-lite v0.2.10
[INFO] [stderr]    Compiling pin-utils v0.1.0
[INFO] [stderr]    Compiling predicates-core v1.0.6
[INFO] [stderr]    Compiling syn v2.0.23
[INFO] [stderr]    Compiling either v1.8.1
[INFO] [stderr]    Compiling futures-io v0.3.28
[INFO] [stderr]    Compiling getrandom v0.2.10
[INFO] [stderr]    Compiling itertools v0.10.5
[INFO] [stderr]    Compiling difflib v0.4.0
[INFO] [stderr]    Compiling rand_core v0.6.4
[INFO] [stderr]    Compiling termtree v0.4.1
[INFO] [stderr]    Compiling ppv-lite86 v0.2.17
[INFO] [stderr]    Compiling float-cmp v0.9.0
[INFO] [stderr]    Compiling normalize-line-endings v0.3.0
[INFO] [stderr]    Compiling predicates-tree v1.0.9
[INFO] [stderr]    Compiling rand_chacha v0.3.1
[INFO] [stderr]    Compiling downcast v0.11.0
[INFO] [stderr]    Compiling fragile v2.0.0
[INFO] [stderr]    Compiling lazy_static v1.4.0
[INFO] [stderr]    Compiling rand v0.8.5
[INFO] [stderr]    Compiling regex v1.8.4
[INFO] [stderr]    Compiling predicates v2.1.5
[INFO] [stderr]    Compiling futures-macro v0.3.28
[INFO] [stderr]    Compiling mockall_derive v0.11.4
[INFO] [stderr]    Compiling futures-executor v0.3.28
[INFO] [stderr]    Compiling futures v0.3.28
[INFO] [stderr]    Compiling mockall v0.11.4
[INFO] [stderr]    Compiling tutorial v0.1.0 (/opt/rustwide/workdir)
[INFO] [stdout] warning: the feature `return_position_impl_trait_in_trait` has been stable since 1.75.0 and no longer requires an attribute to enable
[INFO] [stdout]  --> src/lib.rs:1:12
[INFO] [stdout]   |
[INFO] [stdout] 1 | #![feature(return_position_impl_trait_in_trait)]
[INFO] [stdout]   |            ^^^^^^^^^^^^^^^^^^^^^^^^^^^^^^^^^^^
[INFO] [stdout]   |
[INFO] [stdout]   = note: `#[warn(stable_features)]` on by default
[INFO] [stdout] 
[INFO] [stdout] 
[INFO] [stdout] warning: 1 warning emitted
[INFO] [stdout] 
[INFO] [stdout] 
[INFO] [stdout] warning: unused import: `futures::Future`
[INFO] [stdout]  --> src/main.rs:1:5
[INFO] [stdout]   |
[INFO] [stdout] 1 | use futures::Future;
[INFO] [stdout]   |     ^^^^^^^^^^^^^^^
[INFO] [stdout]   |
[INFO] [stdout]   = note: `#[warn(unused_imports)]` on by default
[INFO] [stdout] 
[INFO] [stdout] 
[INFO] [stdout] warning: 1 warning emitted
[INFO] [stdout] 
[INFO] [stdout] 
[INFO] [stderr]     Finished dev [unoptimized + debuginfo] target(s) in 27.66s
[INFO] running `Command { std: "docker" "inspect" "9cd96adae12631628e26a6efa89a8eef90720ed28c076481b3af1d60b4bd4a18", kill_on_drop: false }`
[INFO] running `Command { std: "docker" "rm" "-f" "9cd96adae12631628e26a6efa89a8eef90720ed28c076481b3af1d60b4bd4a18", kill_on_drop: false }`
[INFO] [stdout] 9cd96adae12631628e26a6efa89a8eef90720ed28c076481b3af1d60b4bd4a18
[INFO] running `Command { std: "docker" "create" "-v" "/var/lib/crater-agent-workspace/builds/worker-1-tc2/target:/opt/rustwide/target:rw,Z" "-v" "/var/lib/crater-agent-workspace/builds/worker-1-tc2/source:/opt/rustwide/workdir:ro,Z" "-v" "/var/lib/crater-agent-workspace/cargo-home:/opt/rustwide/cargo-home:ro,Z" "-v" "/var/lib/crater-agent-workspace/rustup-home:/opt/rustwide/rustup-home:ro,Z" "-e" "SOURCE_DIR=/opt/rustwide/workdir" "-e" "CARGO_TARGET_DIR=/opt/rustwide/target" "-e" "CARGO_INCREMENTAL=0" "-e" "RUST_BACKTRACE=full" "-e" "RUSTFLAGS=--cap-lints=forbid" "-e" "RUSTDOCFLAGS=--cap-lints=forbid" "-e" "CARGO_HOME=/opt/rustwide/cargo-home" "-e" "RUSTUP_HOME=/opt/rustwide/rustup-home" "-w" "/opt/rustwide/workdir" "-m" "1610612736" "--user" "0:0" "--network" "none" "ghcr.io/rust-lang/crates-build-env/linux@sha256:2788e3201cd34a07e3172128adcd8b3090168a8e3bcc40d7c032b9dda1df7d1c" "/opt/rustwide/cargo-home/bin/cargo" "+9c1665de5d324fe858dc15371578d6f928bfc123" "test" "--frozen" "--no-run" "--message-format=json", kill_on_drop: false }`
[INFO] [stdout] 297c949da4800ec37495d9c28a6f772ec2f7fe3da0c3700ee69d8e1d9cda3fb5
[INFO] running `Command { std: "docker" "start" "-a" "297c949da4800ec37495d9c28a6f772ec2f7fe3da0c3700ee69d8e1d9cda3fb5", kill_on_drop: false }`
[INFO] [stderr]    Compiling tutorial v0.1.0 (/opt/rustwide/workdir)
[INFO] [stdout] warning: the feature `return_position_impl_trait_in_trait` has been stable since 1.75.0 and no longer requires an attribute to enable
[INFO] [stdout]  --> src/lib.rs:1:12
[INFO] [stdout]   |
[INFO] [stdout] 1 | #![feature(return_position_impl_trait_in_trait)]
[INFO] [stdout]   |            ^^^^^^^^^^^^^^^^^^^^^^^^^^^^^^^^^^^
[INFO] [stdout]   |
[INFO] [stdout]   = note: `#[warn(stable_features)]` on by default
[INFO] [stdout] 
[INFO] [stdout] 
[INFO] [stdout] warning: 1 warning emitted
[INFO] [stdout] 
[INFO] [stdout] 
[INFO] [stdout] warning: unused import: `futures::Future`
[INFO] [stdout]  --> src/main.rs:1:5
[INFO] [stdout]   |
[INFO] [stdout] 1 | use futures::Future;
[INFO] [stdout]   |     ^^^^^^^^^^^^^^^
[INFO] [stdout]   |
[INFO] [stdout]   = note: `#[warn(unused_imports)]` on by default
[INFO] [stdout] 
[INFO] [stdout] 
[INFO] [stdout] warning: the feature `return_position_impl_trait_in_trait` has been stable since 1.75.0 and no longer requires an attribute to enable
[INFO] [stdout]  --> src/lib.rs:1:12
[INFO] [stdout]   |
[INFO] [stdout] 1 | #![feature(return_position_impl_trait_in_trait)]
[INFO] [stdout]   |            ^^^^^^^^^^^^^^^^^^^^^^^^^^^^^^^^^^^
[INFO] [stdout]   |
[INFO] [stdout]   = note: `#[warn(stable_features)]` on by default
[INFO] [stdout] 
[INFO] [stdout] 
[INFO] [stdout] warning: unused variable: `cx`
[INFO] [stdout]   --> src/lib.rs:81:39
[INFO] [stdout]    |
[INFO] [stdout] 81 |         fn poll(self: Pin<&mut Self>, cx: &mut Context<'_>) -> Poll<Self::Output> {
[INFO] [stdout]    |                                       ^^ help: if this is intentional, prefix it with an underscore: `_cx`
[INFO] [stdout]    |
[INFO] [stdout]    = note: `#[warn(unused_variables)]` on by default
[INFO] [stdout] 
[INFO] [stdout] 
[INFO] [stdout] warning: 1 warning emitted
[INFO] [stdout] 
[INFO] [stdout] 
[INFO] [stdout] warning: 2 warnings emitted
[INFO] [stdout] 
[INFO] [stdout] 
[INFO] [stderr]     Finished test [unoptimized + debuginfo] target(s) in 1.15s
[INFO] running `Command { std: "docker" "inspect" "297c949da4800ec37495d9c28a6f772ec2f7fe3da0c3700ee69d8e1d9cda3fb5", kill_on_drop: false }`
[INFO] running `Command { std: "docker" "rm" "-f" "297c949da4800ec37495d9c28a6f772ec2f7fe3da0c3700ee69d8e1d9cda3fb5", kill_on_drop: false }`
[INFO] [stdout] 297c949da4800ec37495d9c28a6f772ec2f7fe3da0c3700ee69d8e1d9cda3fb5
[INFO] running `Command { std: "docker" "create" "-v" "/var/lib/crater-agent-workspace/builds/worker-1-tc2/target:/opt/rustwide/target:rw,Z" "-v" "/var/lib/crater-agent-workspace/builds/worker-1-tc2/source:/opt/rustwide/workdir:ro,Z" "-v" "/var/lib/crater-agent-workspace/cargo-home:/opt/rustwide/cargo-home:ro,Z" "-v" "/var/lib/crater-agent-workspace/rustup-home:/opt/rustwide/rustup-home:ro,Z" "-e" "SOURCE_DIR=/opt/rustwide/workdir" "-e" "CARGO_TARGET_DIR=/opt/rustwide/target" "-e" "CARGO_INCREMENTAL=0" "-e" "RUST_BACKTRACE=full" "-e" "RUSTFLAGS=--cap-lints=forbid" "-e" "RUSTDOCFLAGS=--cap-lints=forbid" "-e" "CARGO_HOME=/opt/rustwide/cargo-home" "-e" "RUSTUP_HOME=/opt/rustwide/rustup-home" "-w" "/opt/rustwide/workdir" "-m" "1610612736" "--user" "0:0" "--network" "none" "ghcr.io/rust-lang/crates-build-env/linux@sha256:2788e3201cd34a07e3172128adcd8b3090168a8e3bcc40d7c032b9dda1df7d1c" "/opt/rustwide/cargo-home/bin/cargo" "+9c1665de5d324fe858dc15371578d6f928bfc123" "test" "--frozen", kill_on_drop: false }`
[INFO] [stdout] 9a166bfbd10815271c6a706b2bd4e339c00a9a7d99127e1a5b6b900bd22b06d5
[INFO] running `Command { std: "docker" "start" "-a" "9a166bfbd10815271c6a706b2bd4e339c00a9a7d99127e1a5b6b900bd22b06d5", kill_on_drop: false }`
[INFO] [stderr] warning: the feature `return_position_impl_trait_in_trait` has been stable since 1.75.0 and no longer requires an attribute to enable
[INFO] [stderr]  --> src/lib.rs:1:12
[INFO] [stderr]   |
[INFO] [stderr] 1 | #![feature(return_position_impl_trait_in_trait)]
[INFO] [stderr]   |            ^^^^^^^^^^^^^^^^^^^^^^^^^^^^^^^^^^^
[INFO] [stderr]   |
[INFO] [stderr]   = note: `#[warn(stable_features)]` on by default
[INFO] [stderr] 
[INFO] [stderr] warning: `tutorial` (lib) generated 1 warning
[INFO] [stderr] warning: unused import: `futures::Future`
[INFO] [stderr]  --> src/main.rs:1:5
[INFO] [stderr]   |
[INFO] [stderr] 1 | use futures::Future;
[INFO] [stderr]   |     ^^^^^^^^^^^^^^^
[INFO] [stderr]   |
[INFO] [stderr]   = note: `#[warn(unused_imports)]` on by default
[INFO] [stderr] 
[INFO] [stderr] warning: `tutorial` (bin "tutorial" test) generated 1 warning (run `cargo fix --bin "tutorial" --tests` to apply 1 suggestion)
[INFO] [stderr] warning: unused variable: `cx`
[INFO] [stderr]   --> src/lib.rs:81:39
[INFO] [stderr]    |
[INFO] [stderr] 81 |         fn poll(self: Pin<&mut Self>, cx: &mut Context<'_>) -> Poll<Self::Output> {
[INFO] [stderr]    |                                       ^^ help: if this is intentional, prefix it with an underscore: `_cx`
[INFO] [stderr]    |
[INFO] [stderr]    = note: `#[warn(unused_variables)]` on by default
[INFO] [stderr] 
[INFO] [stderr] warning: `tutorial` (lib test) generated 2 warnings (1 duplicate) (run `cargo fix --lib -p tutorial --tests` to apply 1 suggestion)
[INFO] [stderr]     Finished test [unoptimized + debuginfo] target(s) in 0.04s
[INFO] [stderr]      Running unittests src/lib.rs (/opt/rustwide/target/debug/deps/tutorial-f7f7cf661b508319)
[INFO] [stdout] 
[INFO] [stdout] running 2 tests
[INFO] [stdout] test tests::test_framework ... ok
[INFO] [stdout] test tests::test_with_mock ... ok
[INFO] [stdout] 
[INFO] [stdout] test result: ok. 2 passed; 0 failed; 0 ignored; 0 measured; 0 filtered out; finished in 0.00s
[INFO] [stdout] 
[INFO] [stderr]      Running unittests src/main.rs (/opt/rustwide/target/debug/deps/tutorial-909b5574fd9cc04b)
[INFO] [stdout] 
[INFO] [stderr]    Doc-tests tutorial
[INFO] [stdout] running 0 tests
[INFO] [stdout] 
[INFO] [stdout] test result: ok. 0 passed; 0 failed; 0 ignored; 0 measured; 0 filtered out; finished in 0.00s
[INFO] [stdout] 
[INFO] [stdout] 
[INFO] [stdout] running 0 tests
[INFO] [stdout] 
[INFO] [stdout] test result: ok. 0 passed; 0 failed; 0 ignored; 0 measured; 0 filtered out; finished in 0.00s
[INFO] [stdout] 
[INFO] running `Command { std: "docker" "inspect" "9a166bfbd10815271c6a706b2bd4e339c00a9a7d99127e1a5b6b900bd22b06d5", kill_on_drop: false }`
[INFO] running `Command { std: "docker" "rm" "-f" "9a166bfbd10815271c6a706b2bd4e339c00a9a7d99127e1a5b6b900bd22b06d5", kill_on_drop: false }`
[INFO] [stdout] 9a166bfbd10815271c6a706b2bd4e339c00a9a7d99127e1a5b6b900bd22b06d5
